ons digit of 2467779?
2
What is the units digit of 1042694?
4
What is the units digit of 620139?
9
What is the hundreds digit of 848624?
6
What is the units digit of 28949830?
0
What is the units digit of 413958?
8
What is the thousands digit of 707031?
7
What is the units digit of 228936?
6
What is the units digit of 25175?
5
What is the thousands digit of 8887481?
7
What is the tens digit of 1512950?
5
What is the millions digit of 1032716?
1
What is the hundreds digit of 39575?
5
What is the thousands digit of 3333942?
3
What is the ten thousands digit of 14952339?
5
What is the thousands digit of 2200523?
0
What is the units digit of 159464?
4
What is the hundreds digit of 6453135?
1
What is the units digit of 3151302?
2
What is the thousands digit of 851259?
1
What is the tens digit of 1282182?
8
What is the tens digit of 269127?
2
What is the ten thousands digit of 296742?
9
What is the hundred thousands digit of 369587?
3
What is the hundreds digit of 10169246?
2
What is the hundred thousands digit of 6174339?
1
What is the thousands digit of 32372073?
2
What is the ten thousands digit of 128095?
2
What is the ten thousands digit of 2951514?
5
What is the hundred thousands digit of 210070?
2
What is the tens digit of 72460?
6
What is the hundreds digit of 6178937?
9
What is the hundred thousands digit of 20031361?
0
What is the units digit of 604226?
6
What is the hundred thousands digit of 15524545?
5
What is the units digit of 2565002?
2
What is the ten thousands digit of 154959?
5
What is the tens digit of 658659?
5
What is the units digit of 443276?
6
What is the hundreds digit of 45844?
8
What is the hundred thousands digit of 145654?
1
What is the hundred thousands digit of 9768160?
7
What is the units digit of 3548314?
4
What is the thousands digit of 7084834?
4
What is the hundreds digit of 490168?
1
What is the millions digit of 1701479?
1
What is the hundreds digit of 12206989?
9
What is the hundreds digit of 2836978?
9
What is the units digit of 206822?
2
What is the ten thousands digit of 364272?
6
What is the hundreds digit of 1246685?
6
What is the thousands digit of 1685700?
5
What is the thousands digit of 594200?
4
What is the hundred thousands digit of 252456?
2
What is the hundreds digit of 1043008?
0
What is the hundreds digit of 5391743?
7
What is the ten thousands digit of 14386966?
8
What is the hundreds digit of 13747267?
2
What is the millions digit of 4656972?
4
What is the hundreds digit of 601626?
6
What is the thousands digit of 6548372?
8
What is the ten thousands digit of 5567621?
6
What is the thousands digit of 28647?
8
What is the ten thousands digit of 43074?
4
What is the units digit of 2401166?
6
What is the millions digit of 1384172?
1
What is the hundreds digit of 831355?
3
What is the units digit of 385299?
9
What is the hundred thousands digit of 7449401?
4
What is the thousands digit of 41120?
1
What is the hundreds digit of 7916522?
5
What is the millions digit of 2725016?
2
What is the hundreds digit of 79954?
9
What is the ten thousands digit of 6647768?
4
What is the ten thousands digit of 253940?
5
What is the units digit of 6500592?
2
What is the millions digit of 1532134?
1
What is the hundreds digit of 37529?
5
What is the units digit of 12925969?
9
What is the ten thousands digit of 118592?
1
What is the tens digit of 393445?
4
What is the ten thousands digit of 286852?
8
What is the hundreds digit of 8887791?
7
What is the thousands digit of 6652708?
2
What is the units digit of 1909954?
4
What is the units digit of 1268188?
8
What is the ten thousands digit of 402873?
0
What is the ten thousands digit of 8358791?
5
What is the ten millions digit of 22480794?
2
What is the thousands digit of 68776?
8
What is the units digit of 4848639?
9
What is the ten thousands digit of 552903?
5
What is the hundreds digit of 15345?
3
What is the hundreds digit of 1883295?
2
What is the hundreds digit of 338391?
3
What is the hundred thousands digit of 216903?
2
What is the thousands digit of 1767350?
7
What is the tens digit of 945709?
0
What is the tens digit of 26223808?
0
What is the units digit of 2992181?
1
What is the millions digit of 3008734?
3
What is the tens digit of 6664550?
5
What is the tens digit of 275872?
7
What is the units digit of 490619?
9
What is the thousands digit of 4025888?
5
What is the hundred thousands digit of 6271842?
2
What is the ten thousands digit of 37567686?
6
What is the thousands digit of 4728096?
8
What is the hundreds digit of 562172?
1
What is the ten thousands digit of 93638?
9
What is the hundreds digit of 1769206?
2
What is the thousands digit of 1536152?
6
What is the units digit of 200734?
4
What is the thousands digit of 5647722?
7
What is the thousands digit of 124012?
4
What is the millions digit of 2374238?
2
What is the hundreds digit of 244310?
3
What is the ten thousands digit of 421624?
2
What is the ten millions digit of 21606944?
2
What is the units digit of 16708669?
9
What is the ten thousands digit of 5196837?
9
What is the hundred thousands digit of 187152?
1
What is the hundreds digit of 369484?
4
What is the tens digit of 88010?
1
What is the millions digit of 10894844?
0
What is the hundreds digit of 467945?
9
What is the ten thousands digit of 466401?
6
What is the ten thousands digit of 31750?
3
What is the hundreds digit of 586602?
6
What is the hundred thousands digit of 156431?
1
What is the thousands digit of 91890?
1
What is the hundreds digit of 708289?
2
What is the units digit of 21220497?
7
What is the thousands digit of 14415442?
5
What is the tens digit of 1978104?
0
What is the units digit of 188301?
1
What is the hundreds digit of 531350?
3
What is the tens digit of 20305082?
8
What is the ten thousands digit of 209116?
0
What is the thousands digit of 431481?
1
What is the hundreds digit of 3055977?
9
What is the thousands digit of 29819668?
9
What is the thousands digit of 702715?
2
What is the hundred thousands digit of 1733446?
7
What is the millions digit of 11556343?
1
What is the thousands digit of 45452?
5
What is the ten thousands digit of 2966956?
6
What is the tens digit of 2782878?
7
What is the units digit of 19103345?
5
What is the tens digit of 288704?
0
What is the tens digit of 95257?
5
What is the hundreds digit of 132403?
4
What is the tens digit of 2490999?
9
What is the tens digit of 8994013?
1
What is the millions digit of 4292344?
4
What is the hundreds digit of 206324?
3
What is the ten thousands digit of 3531078?
3
What is the thousands digit of 37387?
7
What is the tens digit of 603743?
4
What is the ten millions digit of 23333068?
2
What is the units digit of 1089667?
7
What is the ten thousands digit of 1651949?
5
What is the thousands digit of 373487?
3
What is the hundreds digit of 207356?
3
What is the thousands digit of 15967563?
7
What is the ten thousands digit of 3728072?
2
What is the units digit of 197268?
8
What is the ten thousands digit of 1779963?
7
What is the ten thousands digit of 4045696?
4
What is the thousands digit of 919917?
9
What is the units digit of 1600155?
5
What is the ten thousands digit of 216783?
1
What is the thousands digit of 8440?
8
What is the units digit of 278671?
1
What is the hundreds digit of 223509?
5
What is the units digit of 140850?
0
What is the hundred thousands digit of 289091?
2
What is the ten millions digit of 33690619?
3
What is the tens digit of 2753031?
3
What is the hundreds digit of 2850196?
1
What is the tens digit of 7102686?
8
What is the hundred thousands digit of 1152314?
1
What is the ten thousands digit of 2572506?
7
What is the hundreds digit of 10508414?
4
What is the thousands digit of 22558336?
8
What is the units digit of 22594384?
4
What is the thousands digit of 619370?
9
What is the ten thousands digit of 14075046?
7
What is the hundred thousands digit of 115106?
1
What is the ten thousands digit of 19433747?
3
What is the tens digit of 184033?
3
What is the ten thousands digit of 1407317?
0
What is the thousands digit of 20914?
0
What is the hundreds digit of 47107?
1
What is the hundred thousands digit of 117884?
1
What is the tens digit of 167211?
1
What is the tens digit of 1324771?
7
What is the ten thousands digit